{"id":151,"date":"2020-01-15T00:15:50","date_gmt":"2020-01-14T23:15:50","guid":{"rendered":"http:\/\/www.crs-roznov.cz\/wordpress\/?page_id=151"},"modified":"2023-09-15T06:13:32","modified_gmt":"2023-09-15T04:13:32","slug":"rybarska-straz","status":"publish","type":"page","link":"https:\/\/www.crs-roznov.cz\/wordpress\/mistni-organizace\/rybarska-straz\/","title":{"rendered":"Ryb\u00e1\u0159sk\u00e1 str\u00e1\u017e"},"content":{"rendered":"\n<div class=\"wp-block-group\"><div class=\"wp-block-group__inner-container is-layout-flow wp-block-group-is-layout-flow\">\n<div class=\"wp-block-group\"><div class=\"wp-block-group__inner-container is-layout-flow wp-block-group-is-layout-flow\">\n<figure class=\"wp-block-image size-large is-style-default\"><img loading=\"lazy\" decoding=\"async\" width=\"149\" height=\"202\" src=\"https:\/\/www.crs-roznov.cz\/wordpress\/wp-content\/uploads\/2020\/01\/ryb_straz_1.gif\" alt=\"\" class=\"wp-image-152\"\/><\/figure>\n<\/div><\/div>\n<\/div><\/div>\n\n\n\n<p>Pro zaji\u0161t\u011bn\u00ed ochrany \u0159\u00e1dn\u00e9ho v\u00fdkonu ryb\u00e1\u0159sk\u00e9ho pr\u00e1va a chovu ryb v  rybn\u00edc\u00edch je u\u017eivatel ryb\u00e1\u0159sk\u00e9ho rev\u00edru povinen a subjekt hospoda\u0159\u00edc\u00ed na  rybochovn\u00e9m za\u0159\u00edzen\u00ed opr\u00e1vn\u011bn  navrhnout ryb\u00e1\u0159skou str\u00e1\u017e. Ryb\u00e1\u0159skou str\u00e1\u017e ustanovuje, odvol\u00e1v\u00e1 a  zru\u0161uje a stanovuje rozsah p\u016fsobnosti na n\u00e1vrh u\u017eivatele ryb\u00e1\u0159sk\u00e9ho  rev\u00edru \u010di jin\u00e9ho opr\u00e1vn\u011bn\u00e9ho subjektu  obecn\u00ed \u00fa\u0159ad obce s roz\u0161\u00ed\u0159enou p\u016fsobnost\u00ed, p\u0159\u00edslu\u0161n\u00fd podle m\u00edsta trval\u00e9ho  bydli\u0161t\u011b navrhovan\u00e9 osoby. Ten vede evidenci v\u0161ech ryb\u00e1\u0159sk\u00fdch str\u00e1\u017e\u00ed,  kter\u00e9 byly ustanoveny v obvodu  jeho p\u016fsobnosti. P\u0159\u00edslu\u0161n\u00fd ryb\u00e1\u0159sk\u00fd org\u00e1n vyd\u00e1 ryb\u00e1\u0159sk\u00e9 str\u00e1\u017ei odznak a  pr\u016fkaz ryb\u00e1\u0159sk\u00e9 str\u00e1\u017ee. Subjekt, kter\u00fd ryb\u00e1\u0159skou str\u00e1\u017e ustanovil \u010di ji  vede v evidenci, je opr\u00e1vn\u011bn nejm\u00e9n\u011b  jednou za 5 let ov\u011b\u0159ovat n\u00e1le\u017eitosti, na z\u00e1klad\u011b kter\u00fdch byl souhlas  ud\u011blen, v\u010detn\u011b kvalifika\u010dn\u00edch po\u017eadavk\u016f. <br><strong>Ryb\u00e1\u0159skou str\u00e1\u017e\u00ed m\u016f\u017ee b\u00fdt ustanovena fyzick\u00e1 osoba, kter\u00e1 : <\/strong><\/p>\n\n\n\n<ul class=\"wp-block-list\"><li> je star\u0161\u00ed 21 let\n<\/li><li> spl\u0148uje podm\u00ednku bez\u00fahonnosti (odstavec 7 z\u00e1kona 99\/2004 Sb.)\n<\/li><li> je zp\u016fsobil\u00e1 k pr\u00e1vn\u00edm \u00fakon\u016fm\n<\/li><li> je zdravotn\u011b zp\u016fsobil\u00e1 pro v\u00fdkon funkce ryb\u00e1\u0159sk\u00e9 str\u00e1\u017ee\n<\/li><li>prok\u00e1zala znalost pr\u00e1v a povinnost\u00ed ryb\u00e1\u0159sk\u00e9 str\u00e1\u017ee podle tohoto z\u00e1kona a znalost souvisej\u00edc\u00edch pr\u00e1vn\u00edch p\u0159edpis\u016f\n<\/li><li> slo\u017eila p\u0159ed p\u0159\u00edslu\u0161n\u00fdm obecn\u00edm \u00fa\u0159adem obce s roz\u0161\u00ed\u0159enou \np\u016fsobnost\u00ed slib tohoto zn\u011bn\u00ed: &#8222;Slibuji, \u017ee jako ryb\u00e1\u0159sk\u00e1 str\u00e1\u017e budu s \nnejv\u011bt\u0161\u00ed pe\u010dlivost\u00ed a sv\u011bdomitost\u00ed plnit \npovinnosti p\u0159i kontrole dodr\u017eov\u00e1n\u00ed ryb\u00e1\u0159sk\u00e9ho z\u00e1kona a prov\u00e1d\u011bc\u00edch \npr\u00e1vn\u00edch p\u0159edpis\u016f k ryb\u00e1\u0159sk\u00e9mu z\u00e1konu, \u017ee budu p\u0159i v\u00fdkonu t\u00e9to \u010dinnosti \ndodr\u017eovat pr\u00e1vn\u00ed p\u0159edpisy a \nnep\u0159ekro\u010d\u00edm opr\u00e1vn\u011bn\u00ed p\u0159\u00edslu\u0161ej\u00edc\u00ed ryb\u00e1\u0159sk\u00e9 str\u00e1\u017ei&#8220;.<\/li><\/ul>\n\n\n\n<p><strong>Na\u0161e m\u00edstn\u00ed organizace m\u00e1 celkem 11 \u010dlen\u016f ryb\u00e1\u0159sk\u00e9 str\u00e1\u017ee :<\/strong><\/p>\n\n\n\n<p><\/p>\n\n\n\n<figure class=\"wp-block-table\"><table class=\"\"><tbody><tr><td><strong> Vedouc\u00ed ryb\u00e1\u0159sk\u00e9 str\u00e1\u017ee <\/strong><\/td><td><\/td><\/tr><tr><td>  Mgr. et Bc.Lum\u00edr Mazan <\/td><td> tel. 777 566 677<br>email: lumikja@seznam.cz <\/td><\/tr><tr><td><strong> \u010clenov\u00e9 ryb\u00e1\u0159sk\u00e9 str\u00e1\u017ee <\/strong><\/td><td><\/td><\/tr><tr><td> Patrik Dobi\u00e1\u0161<\/td><td> tel. 604 674 059<\/td><\/tr><tr><td> Miroslav Ko\u0161ut<\/td><td> tel. 720 469 275<\/td><\/tr><tr><td> Pavel K\u0159enek<\/td><td> tel. 737 466 598<\/td><\/tr><tr><td> Luk\u00e1\u0161 Majkus<\/td><td> tel. 775 359 818<\/td><\/tr><tr><td> Tom\u00e1\u0161 Michal\u00edk<\/td><td> tel.  608 900 150<\/td><\/tr><tr><td> Jan Mi\u010dka<\/td><td> tel.  724 801 734   <\/td><\/tr><tr><td> Stanislav Poruba<\/td><td> tel.  737 557 319  <\/td><\/tr><tr><td> Jan \u0160tusek<\/td><td> tel.  604 722 940 <\/td><\/tr><tr><td> Roman Zuza\u0148\u00e1k<\/td><td> tel.  737 603 911 <\/td><\/tr><tr><td>  Bc. Ren\u00e9 Zuza\u0148\u00e1k<\/td><td> tel.  733 600 764  <\/td><\/tr><tr><td><\/td><td><\/td><\/tr><\/tbody><\/table><\/figure>\n\n\n\n<p><\/p>\n","protected":false},"excerpt":{"rendered":"<p>Pro zaji\u0161t\u011bn\u00ed ochrany \u0159\u00e1dn\u00e9ho v\u00fdkonu ryb\u00e1\u0159sk\u00e9ho pr\u00e1va a chovu ryb v rybn\u00edc\u00edch je u\u017eivatel ryb\u00e1\u0159sk\u00e9ho rev\u00edru povinen a subjekt hospoda\u0159\u00edc\u00ed na rybochovn\u00e9m za\u0159\u00edzen\u00ed opr\u00e1vn\u011bn navrhnout ryb\u00e1\u0159skou str\u00e1\u017e. Ryb\u00e1\u0159skou str\u00e1\u017e ustanovuje, odvol\u00e1v\u00e1 a zru\u0161uje a stanovuje rozsah p\u016fsobnosti na n\u00e1vrh u\u017eivatele ryb\u00e1\u0159sk\u00e9ho rev\u00edru \u010di jin\u00e9ho opr\u00e1vn\u011bn\u00e9ho subjektu obecn\u00ed \u00fa\u0159ad obce s roz\u0161\u00ed\u0159enou p\u016fsobnost\u00ed, p\u0159\u00edslu\u0161n\u00fd podle m\u00edsta [&hellip;]<\/p>\n","protected":false},"author":1,"featured_media":0,"parent":107,"menu_order":-5,"comment_status":"closed","ping_status":"closed","template":"","meta":{"footnotes":""},"class_list":["post-151","page","type-page","status-publish","hentry"],"_links":{"self":[{"href":"https:\/\/www.crs-roznov.cz\/wordpress\/wp-json\/wp\/v2\/pages\/151","targetHints":{"allow":["GET"]}}],"collection":[{"href":"https:\/\/www.crs-roznov.cz\/wordpress\/wp-json\/wp\/v2\/pages"}],"about":[{"href":"https:\/\/www.crs-roznov.cz\/wordpress\/wp-json\/wp\/v2\/types\/page"}],"author":[{"embeddable":true,"href":"https:\/\/www.crs-roznov.cz\/wordpress\/wp-json\/wp\/v2\/users\/1"}],"replies":[{"embeddable":true,"href":"https:\/\/www.crs-roznov.cz\/wordpress\/wp-json\/wp\/v2\/comments?post=151"}],"version-history":[{"count":17,"href":"https:\/\/www.crs-roznov.cz\/wordpress\/wp-json\/wp\/v2\/pages\/151\/revisions"}],"predecessor-version":[{"id":1059,"href":"https:\/\/www.crs-roznov.cz\/wordpress\/wp-json\/wp\/v2\/pages\/151\/revisions\/1059"}],"up":[{"embeddable":true,"href":"https:\/\/www.crs-roznov.cz\/wordpress\/wp-json\/wp\/v2\/pages\/107"}],"wp:attachment":[{"href":"https:\/\/www.crs-roznov.cz\/wordpress\/wp-json\/wp\/v2\/media?parent=151"}],"curies":[{"name":"wp","href":"https:\/\/api.w.org\/{rel}","templated":true}]}}